{"id":209,"date":"2025-09-20T15:36:40","date_gmt":"2025-09-20T13:36:40","guid":{"rendered":"https:\/\/dariuszratajczyk.pl\/?page_id=209"},"modified":"2025-09-21T18:02:05","modified_gmt":"2025-09-21T16:02:05","slug":"o-mnie","status":"publish","type":"page","link":"https:\/\/dariuszratajczyk.pl\/?page_id=209","title":{"rendered":"O MNIE"},"content":{"rendered":"\t\t<div data-elementor-type=\"wp-page\" data-elementor-id=\"209\" class=\"elementor elementor-209\" data-elementor-post-type=\"page\">\n\t\t\t\t\t\t<section class=\"elementor-section elementor-top-section elementor-element elementor-element-466d8ba elementor-section-full_width elementor-section-height-full elementor-section-stretched elementor-section-height-default elementor-section-items-middle\" data-id=\"466d8ba\" data-element_type=\"section\" data-settings=\"{&quot;stretch_section&quot;:&quot;section-stretched&quot;,&quot;background_background&quot;:&quot;classic&quot;}\">\n\t\t\t\t\t\t\t<div class=\"elementor-background-overlay\"><\/div>\n\t\t\t\t\t\t\t<div class=\"elementor-container elementor-column-gap-default\">\n\t\t\t\t\t<div class=\"elementor-column elementor-col-100 elementor-top-column elementor-element elementor-element-4eebf49\" data-id=\"4eebf49\" data-element_type=\"column\">\n\t\t\t<div class=\"elementor-widget-wrap\">\n\t\t\t\t\t\t\t<\/div>\n\t\t<\/div>\n\t\t\t\t\t<\/div>\n\t\t<\/section>\n\t\t\t\t<section class=\"elementor-section elementor-top-section elementor-element elementor-element-1c056c5 elementor-section-full_width elementor-section-stretched elementor-section-height-default elementor-section-height-default\" data-id=\"1c056c5\" data-element_type=\"section\" data-settings=\"{&quot;stretch_section&quot;:&quot;section-stretched&quot;}\">\n\t\t\t\t\t\t<div class=\"elementor-container elementor-column-gap-default\">\n\t\t\t\t\t<div class=\"elementor-column elementor-col-50 elementor-top-column elementor-element elementor-element-cad5b5b\" data-id=\"cad5b5b\" data-element_type=\"column\">\n\t\t\t<div class=\"elementor-widget-wrap elementor-element-populated\">\n\t\t\t\t\t\t<div class=\"elementor-element elementor-element-ff6f1d2 elementor-widget elementor-widget-heading\" data-id=\"ff6f1d2\" data-element_type=\"widget\" data-widget_type=\"heading.default\">\n\t\t\t\t\t<h2 class=\"elementor-heading-title elementor-size-default\">O mnie <\/h2>\t\t\t\t<\/div>\n\t\t\t\t<div class=\"elementor-element elementor-element-bca9bae elementor-widget__width-initial elementor-widget elementor-widget-text-editor\" data-id=\"bca9bae\" data-element_type=\"widget\" data-widget_type=\"text-editor.default\">\n\t\t\t\t\t\t\t\t\t<p>Cze\u015b\u0107! Jestem Dariusz Ratajczyk \u2013 36-letni fotograf, m\u0105\u017c i szcz\u0119\u015bliwy ojciec dw\u00f3jki wspania\u0142ych dzieci. To w\u0142a\u015bnie w mojej rodzinie i w codziennych chwilach z najbli\u017cszymi odnajduj\u0119 niewyczerpan\u0105 inspiracj\u0119 do tego, co robi\u0119.<\/p><p>Moja przygoda z aparatem zacz\u0119\u0142a si\u0119 7 lat temu i od tamtej pory fotografia sta\u0142a si\u0119 nie tylko moj\u0105 pasj\u0105, ale i sposobem na \u017cycie. Przez ten czas uczy\u0142em si\u0119 dostrzega\u0107 pi\u0119kno w ulotnych momentach, a przede wszystkim \u2013<strong>uwiecznia\u0107 prawdziwe emocje<\/strong>. Wierz\u0119, \u017ce to one nadaj\u0105 zdj\u0119ciom dusz\u0119 i sprawiaj\u0105, \u017ce staj\u0105 si\u0119 bezcennymi pami\u0105tkami. U\u015bmiech, wzruszenie, rado\u015b\u0107, blisko\u015b\u0107 \u2013 to w\u0142a\u015bnie te chwile staram si\u0119 zatrzyma\u0107 w kadrze.<\/p>\t\t\t\t\t\t\t\t<\/div>\n\t\t\t\t\t<\/div>\n\t\t<\/div>\n\t\t\t\t<div class=\"elementor-column elementor-col-50 elementor-top-column elementor-element elementor-element-be41e02\" data-id=\"be41e02\" data-element_type=\"column\">\n\t\t\t<div class=\"elementor-widget-wrap elementor-element-populated\">\n\t\t\t\t\t\t<div class=\"elementor-element elementor-element-1515567 elementor-widget elementor-widget-image\" data-id=\"1515567\" data-element_type=\"widget\" data-widget_type=\"image.default\">\n\t\t\t\t\t\t\t\t\t\t\t\t\t\t\t<img fetchpriority=\"high\" decoding=\"async\" width=\"1024\" height=\"1024\" src=\"https:\/\/dariuszratajczyk.pl\/wp-content\/uploads\/2025\/09\/Generated-Image-September-21-2025-4_53PM.png\" class=\"attachment-full size-full wp-image-460\" alt=\"\" srcset=\"https:\/\/dariuszratajczyk.pl\/wp-content\/uploads\/2025\/09\/Generated-Image-September-21-2025-4_53PM.png 1024w, https:\/\/dariuszratajczyk.pl\/wp-content\/uploads\/2025\/09\/Generated-Image-September-21-2025-4_53PM-300x300.png 300w, https:\/\/dariuszratajczyk.pl\/wp-content\/uploads\/2025\/09\/Generated-Image-September-21-2025-4_53PM-150x150.png 150w, https:\/\/dariuszratajczyk.pl\/wp-content\/uploads\/2025\/09\/Generated-Image-September-21-2025-4_53PM-768x768.png 768w, https:\/\/dariuszratajczyk.pl\/wp-content\/uploads\/2025\/09\/Generated-Image-September-21-2025-4_53PM-200x200.png 200w\" sizes=\"(max-width: 1024px) 100vw, 1024px\" \/>\t\t\t\t\t\t\t\t\t\t\t\t\t\t\t<\/div>\n\t\t\t\t\t<\/div>\n\t\t<\/div>\n\t\t\t\t\t<\/div>\n\t\t<\/section>\n\t\t\t\t<section class=\"elementor-section elementor-top-section elementor-element elementor-element-8ae75c4 elementor-section-full_width elementor-section-stretched elementor-section-height-default elementor-section-height-default\" data-id=\"8ae75c4\" data-element_type=\"section\" data-settings=\"{&quot;stretch_section&quot;:&quot;section-stretched&quot;}\">\n\t\t\t\t\t\t<div class=\"elementor-container elementor-column-gap-default\">\n\t\t\t\t\t<div class=\"elementor-column elementor-col-50 elementor-top-column elementor-element elementor-element-d256b68\" data-id=\"d256b68\" data-element_type=\"column\">\n\t\t\t<div class=\"elementor-widget-wrap elementor-element-populated\">\n\t\t\t\t\t\t<div class=\"elementor-element elementor-element-20bfd3c elementor-widget elementor-widget-image\" data-id=\"20bfd3c\" data-element_type=\"widget\" data-widget_type=\"image.default\">\n\t\t\t\t\t\t\t\t\t\t\t\t\t\t\t<img decoding=\"async\" width=\"1024\" height=\"1024\" src=\"https:\/\/dariuszratajczyk.pl\/wp-content\/uploads\/2025\/09\/Generated-Image-September-21-2025-4_52PM.png\" class=\"attachment-full size-full wp-image-459\" alt=\"\" srcset=\"https:\/\/dariuszratajczyk.pl\/wp-content\/uploads\/2025\/09\/Generated-Image-September-21-2025-4_52PM.png 1024w, https:\/\/dariuszratajczyk.pl\/wp-content\/uploads\/2025\/09\/Generated-Image-September-21-2025-4_52PM-300x300.png 300w, https:\/\/dariuszratajczyk.pl\/wp-content\/uploads\/2025\/09\/Generated-Image-September-21-2025-4_52PM-150x150.png 150w, https:\/\/dariuszratajczyk.pl\/wp-content\/uploads\/2025\/09\/Generated-Image-September-21-2025-4_52PM-768x768.png 768w, https:\/\/dariuszratajczyk.pl\/wp-content\/uploads\/2025\/09\/Generated-Image-September-21-2025-4_52PM-200x200.png 200w\" sizes=\"(max-width: 1024px) 100vw, 1024px\" \/>\t\t\t\t\t\t\t\t\t\t\t\t\t\t\t<\/div>\n\t\t\t\t\t<\/div>\n\t\t<\/div>\n\t\t\t\t<div class=\"elementor-column elementor-col-50 elementor-top-column elementor-element elementor-element-3fed50d\" data-id=\"3fed50d\" data-element_type=\"column\">\n\t\t\t<div class=\"elementor-widget-wrap elementor-element-populated\">\n\t\t\t\t\t\t<div class=\"elementor-element elementor-element-154bbb5 elementor-widget__width-initial elementor-widget elementor-widget-text-editor\" data-id=\"154bbb5\" data-element_type=\"widget\" data-widget_type=\"text-editor.default\">\n\t\t\t\t\t\t\t\t\t<p>Dla mnie aparat to nie tylko narz\u0119dzie. To most, kt\u00f3ry pozwala mi \u0142\u0105czy\u0107 si\u0119 z Wami, opowiada\u0107 Wasze historie i tworzy\u0107 wspomnienia, kt\u00f3re przetrwaj\u0105 lata. Ka\u017cda sesja to dla mnie nowe wyzwanie i okazja, by z czu\u0142o\u015bci\u0105 i profesjonalizmem zamieni\u0107 zwyk\u0142e momenty w niezwyk\u0142e fotografie.<\/p><p>Zapraszam Ci\u0119 do mojego \u015bwiata, gdzie pasja spotyka si\u0119 z do\u015bwiadczeniem, a ka\u017cda fotografia jest \u015bwiadectwem autentycznych emocji. Zobacz moje portfolio i przekonaj si\u0119, jak widz\u0119 \u015bwiat przez obiektyw.<\/p>\t\t\t\t\t\t\t\t<\/div>\n\t\t\t\t\t<\/div>\n\t\t<\/div>\n\t\t\t\t\t<\/div>\n\t\t<\/section>\n\t\t\t\t<section class=\"elementor-section elementor-top-section elementor-element elementor-element-4a458b2 elementor-section-full_width elementor-section-stretched elementor-section-height-default elementor-section-height-default\" data-id=\"4a458b2\" data-element_type=\"section\" data-settings=\"{&quot;stretch_section&quot;:&quot;section-stretched&quot;}\">\n\t\t\t\t\t\t<div class=\"elementor-container elementor-column-gap-default\">\n\t\t\t\t\t<div class=\"elementor-column elementor-col-33 elementor-top-column elementor-element elementor-element-cdb623c\" data-id=\"cdb623c\" data-element_type=\"column\">\n\t\t\t<div class=\"elementor-widget-wrap elementor-element-populated\">\n\t\t\t\t\t\t<div class=\"elementor-element elementor-element-620ddb0 elementor-widget elementor-widget-image\" data-id=\"620ddb0\" data-element_type=\"widget\" data-widget_type=\"image.default\">\n\t\t\t\t\t\t\t\t\t\t\t\t\t\t\t<img decoding=\"async\" width=\"1024\" height=\"1024\" src=\"https:\/\/dariuszratajczyk.pl\/wp-content\/uploads\/2025\/09\/Generated-Image-September-21-2025-5_47PM-2.png\" class=\"attachment-full size-full wp-image-464\" alt=\"\" srcset=\"https:\/\/dariuszratajczyk.pl\/wp-content\/uploads\/2025\/09\/Generated-Image-September-21-2025-5_47PM-2.png 1024w, https:\/\/dariuszratajczyk.pl\/wp-content\/uploads\/2025\/09\/Generated-Image-September-21-2025-5_47PM-2-300x300.png 300w, https:\/\/dariuszratajczyk.pl\/wp-content\/uploads\/2025\/09\/Generated-Image-September-21-2025-5_47PM-2-150x150.png 150w, https:\/\/dariuszratajczyk.pl\/wp-content\/uploads\/2025\/09\/Generated-Image-September-21-2025-5_47PM-2-768x768.png 768w, https:\/\/dariuszratajczyk.pl\/wp-content\/uploads\/2025\/09\/Generated-Image-September-21-2025-5_47PM-2-200x200.png 200w\" sizes=\"(max-width: 1024px) 100vw, 1024px\" \/>\t\t\t\t\t\t\t\t\t\t\t\t\t\t\t<\/div>\n\t\t\t\t\t<\/div>\n\t\t<\/div>\n\t\t\t\t<div class=\"elementor-column elementor-col-33 elementor-top-column elementor-element elementor-element-cfa4fb6\" data-id=\"cfa4fb6\" data-element_type=\"column\">\n\t\t\t<div class=\"elementor-widget-wrap elementor-element-populated\">\n\t\t\t\t\t\t<div class=\"elementor-element elementor-element-f283b16 elementor-widget elementor-widget-image\" data-id=\"f283b16\" data-element_type=\"widget\" data-widget_type=\"image.default\">\n\t\t\t\t\t\t\t\t\t\t\t\t\t\t\t<img loading=\"lazy\" decoding=\"async\" width=\"1024\" height=\"1024\" src=\"https:\/\/dariuszratajczyk.pl\/wp-content\/uploads\/2025\/09\/Generated-Image-September-21-2025-5_47PM-1.png\" class=\"attachment-full size-full wp-image-465\" alt=\"\" srcset=\"https:\/\/dariuszratajczyk.pl\/wp-content\/uploads\/2025\/09\/Generated-Image-September-21-2025-5_47PM-1.png 1024w, https:\/\/dariuszratajczyk.pl\/wp-content\/uploads\/2025\/09\/Generated-Image-September-21-2025-5_47PM-1-300x300.png 300w, https:\/\/dariuszratajczyk.pl\/wp-content\/uploads\/2025\/09\/Generated-Image-September-21-2025-5_47PM-1-150x150.png 150w, https:\/\/dariuszratajczyk.pl\/wp-content\/uploads\/2025\/09\/Generated-Image-September-21-2025-5_47PM-1-768x768.png 768w, https:\/\/dariuszratajczyk.pl\/wp-content\/uploads\/2025\/09\/Generated-Image-September-21-2025-5_47PM-1-200x200.png 200w\" sizes=\"(max-width: 1024px) 100vw, 1024px\" \/>\t\t\t\t\t\t\t\t\t\t\t\t\t\t\t<\/div>\n\t\t\t\t\t<\/div>\n\t\t<\/div>\n\t\t\t\t<div class=\"elementor-column elementor-col-33 elementor-top-column elementor-element elementor-element-e9af37e\" data-id=\"e9af37e\" data-element_type=\"column\">\n\t\t\t<div class=\"elementor-widget-wrap elementor-element-populated\">\n\t\t\t\t\t\t<div class=\"elementor-element elementor-element-83c1c3b elementor-widget elementor-widget-image\" data-id=\"83c1c3b\" data-element_type=\"widget\" data-widget_type=\"image.default\">\n\t\t\t\t\t\t\t\t\t\t\t\t\t\t\t<img loading=\"lazy\" decoding=\"async\" width=\"1024\" height=\"1024\" src=\"https:\/\/dariuszratajczyk.pl\/wp-content\/uploads\/2025\/09\/Generated-Image-September-21-2025-5_47PM.png\" class=\"attachment-full size-full wp-image-466\" alt=\"\" srcset=\"https:\/\/dariuszratajczyk.pl\/wp-content\/uploads\/2025\/09\/Generated-Image-September-21-2025-5_47PM.png 1024w, https:\/\/dariuszratajczyk.pl\/wp-content\/uploads\/2025\/09\/Generated-Image-September-21-2025-5_47PM-300x300.png 300w, https:\/\/dariuszratajczyk.pl\/wp-content\/uploads\/2025\/09\/Generated-Image-September-21-2025-5_47PM-150x150.png 150w, https:\/\/dariuszratajczyk.pl\/wp-content\/uploads\/2025\/09\/Generated-Image-September-21-2025-5_47PM-768x768.png 768w, https:\/\/dariuszratajczyk.pl\/wp-content\/uploads\/2025\/09\/Generated-Image-September-21-2025-5_47PM-200x200.png 200w\" sizes=\"(max-width: 1024px) 100vw, 1024px\" \/>\t\t\t\t\t\t\t\t\t\t\t\t\t\t\t<\/div>\n\t\t\t\t\t<\/div>\n\t\t<\/div>\n\t\t\t\t\t<\/div>\n\t\t<\/section>\n\t\t\t\t<section class=\"elementor-section elementor-top-section elementor-element elementor-element-2f3d1ae elementor-section-full_width elementor-section-stretched elementor-section-height-default elementor-section-height-default\" data-id=\"2f3d1ae\" data-element_type=\"section\" data-settings=\"{&quot;stretch_section&quot;:&quot;section-stretched&quot;}\">\n\t\t\t\t\t\t<div class=\"elementor-container elementor-column-gap-default\">\n\t\t\t\t\t<div class=\"elementor-column elementor-col-100 elementor-top-column elementor-element elementor-element-2feda86\" data-id=\"2feda86\" data-element_type=\"column\">\n\t\t\t<div class=\"elementor-widget-wrap elementor-element-populated\">\n\t\t\t\t\t\t<div class=\"elementor-element elementor-element-e56a7d9 elementor-widget elementor-widget-heading\" data-id=\"e56a7d9\" data-element_type=\"widget\" data-widget_type=\"heading.default\">\n\t\t\t\t\t<h1 class=\"elementor-heading-title elementor-size-default\">Zapraszam do wsp\u00f3\u0142pracy <\/h1>\t\t\t\t<\/div>\n\t\t\t\t<div class=\"elementor-element elementor-element-130c67b elementor-widget elementor-widget-text-editor\" data-id=\"130c67b\" data-element_type=\"widget\" data-widget_type=\"text-editor.default\">\n\t\t\t\t\t\t\t\t\t<p>Zapraszam do wsp\u00f3lnego tworzenia \u2013 pozw\u00f3lcie mi uwieczni\u0107 Wasze najwa\u017cniejsze chwile z wra\u017cliwo\u015bci\u0105 i profesjonalizmem, na kt\u00f3re zas\u0142ugujecie.<\/p>\t\t\t\t\t\t\t\t<\/div>\n\t\t\t\t\t<\/div>\n\t\t<\/div>\n\t\t\t\t\t<\/div>\n\t\t<\/section>\n\t\t\t\t<\/div>\n\t\t","protected":false},"excerpt":{"rendered":"<p>O mnie Cze\u015b\u0107! Jestem Dariusz Ratajczyk \u2013 36-letni fotograf, m\u0105\u017c i szcz\u0119\u015bliwy ojciec dw\u00f3jki wspania\u0142ych dzieci. To w\u0142a\u015bnie w mojej [&hellip;]<\/p>\n","protected":false},"author":1,"featured_media":0,"parent":0,"menu_order":0,"comment_status":"closed","ping_status":"closed","template":"","meta":{"site-sidebar-layout":"no-sidebar","site-content-layout":"","ast-site-content-layout":"full-width-container","site-content-style":"default","site-sidebar-style":"default","ast-global-header-display":"","ast-banner-title-visibility":"","ast-main-header-display":"","ast-hfb-above-header-display":"","ast-hfb-below-header-display":"","ast-hfb-mobile-header-display":"","site-post-title":"disabled","ast-breadcrumbs-content":"","ast-featured-img":"disabled","footer-sml-layout":"","theme-transparent-header-meta":"","adv-header-id-meta":"","stick-header-meta":"","header-above-stick-meta":"","header-main-stick-meta":"","header-below-stick-meta":"","astra-migrate-meta-layouts":"default","ast-page-background-enabled":"default","ast-page-background-meta":{"desktop":{"background-color":"var(--ast-global-color-5)","background-image":"","background-repeat":"repeat","background-position":"center center","background-size":"auto","background-attachment":"scroll","background-type":"","background-media":"","overlay-type":"","overlay-color":"","overlay-opacity":"","overlay-gradient":""},"tablet":{"background-color":"","background-image":"","background-repeat":"repeat","background-position":"center center","background-size":"auto","background-attachment":"scroll","background-type":"","background-media":"","overlay-type":"","overlay-color":"","overlay-opacity":"","overlay-gradient":""},"mobile":{"background-color":"","background-image":"","background-repeat":"repeat","background-position":"center center","background-size":"auto","background-attachment":"scroll","background-type":"","background-media":"","overlay-type":"","overlay-color":"","overlay-opacity":"","overlay-gradient":""}},"ast-content-background-meta":{"desktop":{"background-color":"var(--ast-global-color-4)","background-image":"","background-repeat":"repeat","background-position":"center center","background-size":"auto","background-attachment":"scroll","background-type":"","background-media":"","overlay-type":"","overlay-color":"","overlay-opacity":"","overlay-gradient":""},"tablet":{"background-color":"var(--ast-global-color-4)","background-image":"","background-repeat":"repeat","background-position":"center center","background-size":"auto","background-attachment":"scroll","background-type":"","background-media":"","overlay-type":"","overlay-color":"","overlay-opacity":"","overlay-gradient":""},"mobile":{"background-color":"var(--ast-global-color-4)","background-image":"","background-repeat":"repeat","background-position":"center center","background-size":"auto","background-attachment":"scroll","background-type":"","background-media":"","overlay-type":"","overlay-color":"","overlay-opacity":"","overlay-gradient":""}},"footnotes":""},"class_list":["post-209","page","type-page","status-publish","hentry"],"_links":{"self":[{"href":"https:\/\/dariuszratajczyk.pl\/index.php?rest_route=\/wp\/v2\/pages\/209","targetHints":{"allow":["GET"]}}],"collection":[{"href":"https:\/\/dariuszratajczyk.pl\/index.php?rest_route=\/wp\/v2\/pages"}],"about":[{"href":"https:\/\/dariuszratajczyk.pl\/index.php?rest_route=\/wp\/v2\/types\/page"}],"author":[{"embeddable":true,"href":"https:\/\/dariuszratajczyk.pl\/index.php?rest_route=\/wp\/v2\/users\/1"}],"replies":[{"embeddable":true,"href":"https:\/\/dariuszratajczyk.pl\/index.php?rest_route=%2Fwp%2Fv2%2Fcomments&post=209"}],"version-history":[{"count":17,"href":"https:\/\/dariuszratajczyk.pl\/index.php?rest_route=\/wp\/v2\/pages\/209\/revisions"}],"predecessor-version":[{"id":478,"href":"https:\/\/dariuszratajczyk.pl\/index.php?rest_route=\/wp\/v2\/pages\/209\/revisions\/478"}],"wp:attachment":[{"href":"https:\/\/dariuszratajczyk.pl\/index.php?rest_route=%2Fwp%2Fv2%2Fmedia&parent=209"}],"curies":[{"name":"wp","href":"https:\/\/api.w.org\/{rel}","templated":true}]}}